{"id":2,"date":"2017-03-21T23:55:06","date_gmt":"2017-03-21T23:55:06","guid":{"rendered":"http:\/\/cv-templates.itakora.com\/?page_id=2"},"modified":"2019-03-18T23:36:54","modified_gmt":"2019-03-18T23:36:54","slug":"is-it-ok-to-put-photos-in-your-cv","status":"publish","type":"page","link":"https:\/\/ideascv.com\/es\/is-it-ok-to-put-photos-in-your-cv\/","title":{"rendered":"\u00bfDeber\u00edas incluir tu foto en tu curr\u00edculum?"},"content":{"rendered":"<p>Como la mayor\u00eda de las preguntas en la vida, la respuesta r\u00e1pida es &#8220;<strong>depende<\/strong>&#8220;.<\/p>\n<p>En muchos pa\u00edses y empresas existen procesos de selecci\u00f3n &#8220;ciegos de im\u00e1genes&#8221; para evitar sesgos relacionados con el color de piel, etnia, belleza, discapacidad u otras caracter\u00edsticas del candidato. En el lado opuesto, hay pa\u00edses, compa\u00f1\u00edas o sectores que piden explicitamente fotos del candidato porque est\u00e1n buscando precisamente estas caracter\u00edsticas (\u00a1o evitando otras!)<\/p>\n<p>Algunos &#8220;expertos&#8221; dicen que incluir la foto hace al candidato parecer <a href=\"http:\/\/money.usnews.com\/money\/blogs\/outside-voices-careers\/2012\/06\/20\/10-things-to-leave-off-your-resume\" target=\"_blank\" rel=\"noopener noreferrer\">inocente y poco profesional<\/a>, mientras que otros dicen que, como <a href=\"https:\/\/www.forbes.com\/sites\/robasghar\/2013\/07\/22\/no-photo-on-your-resume-and-other-career-advice-you-should-question\/\" target=\"_blank\" rel=\"noopener noreferrer\">vivimos en la era multimedia<\/a>, las im\u00e1genes prevalecen sobre el texto, por lo que incluir tu foto es una gran manera de empatizar con el reclutador, hacer tu perfil m\u00e1s recordable y destacar sobre otros candidatos.<\/p>\n<p>La confianza del propio candidato es otro factor para decidir si incluye la foto o no en el cv. La gente joven, guapa y bien vestida no tienen ning\u00fan problema en mirar a c\u00e1mara y encontrar su mejor sonrisa. Sin embargo, los t\u00edmidos, de aspecto normal o con bajos ingresos, tienen problemas para conseguir una foto adecuada para un perfile profesional (\u00a1las fotos de facebook o del pasaporte no valen!).<\/p>\n<p>Ten en cuenta que no tendr\u00e1s una segunda oportunidad de causar una primera buena impresi\u00f3n, por lo que si decides poner tu imagen en tu curr\u00edculum vitae, aseg\u00farate que es clara, enfocada, de buena calidad y bien integrada dentro de la maquetaci\u00f3n de tu cv. Y por supuesto, que la imagen trasmite que eres la persona perfecta para el puesto que est\u00e1s solicitando. Nada descarta m\u00e1s r\u00e1pidamente una candidatura que un curr\u00edculum o una foto con mal aspecto.<\/p>\n<p>As\u00ed que llegados a este punto, decide si quieres poner o no tu mejor foto en tu cv. Si vas a ser teleoperador t\u00e9cnico en un call-center, tu imagen no es muy importante, pero si quieres vender coches de lujo, tu imagen es crucial.<\/p>\n<p>En este sitio web puedes encontrar muchos modelos de curriculo. Si quieres incluirlo, simplemente sustituye la imagen de perfil con la tuya. Y si no la quieres, simplemente b\u00f3rrala. \u00a1Tan sencillo como trabajar con Microsoft Word!<\/p>\n<p><span class=\"peque\">[Imagen de c\u00e1mara creada a partir de material de <a href=\"http:\/\/www.freepik.com\/free-photos-vectors\/camera\">Freepik<\/a>]<\/span><\/p>\n<div id=\"link64_adl_tabid\" style=\"display: none;\" data-url=\"http:\/\/ideascv.com\/wp-admin\/post.php?post=2&#038;action=edit\">219<\/div>\n","protected":false},"excerpt":{"rendered":"<p>Como la mayor\u00eda de las preguntas en la vida, la respuesta r\u00e1pida es &#8220;depende&#8220;. En muchos pa\u00edses y empresas existen procesos de selecci\u00f3n &#8220;ciegos de im\u00e1genes&#8221; para evitar sesgos relacionados con el color de piel, etnia, belleza, discapacidad u otras caracter\u00edsticas del candidato. En el lado opuesto, hay pa\u00edses, compa\u00f1\u00edas o sectores que piden explicitamente [&hellip;]<\/p>\n","protected":false},"author":1,"featured_media":173,"parent":0,"menu_order":6,"comment_status":"closed","ping_status":"open","template":"","meta":{"footnotes":""},"class_list":["post-2","page","type-page","status-publish","has-post-thumbnail","hentry"],"translation":{"provider":"WPGlobus","version":"3.0.0","language":"es","enabled_languages":["en","es","fr","zh","de"],"languages":{"en":{"title":true,"content":true,"excerpt":false},"es":{"title":true,"content":true,"excerpt":false},"fr":{"title":true,"content":true,"excerpt":false},"zh":{"title":false,"content":false,"excerpt":false},"de":{"title":false,"content":false,"excerpt":false}}},"_links":{"self":[{"href":"https:\/\/ideascv.com\/es\/wp-json\/wp\/v2\/pages\/2","targetHints":{"allow":["GET"]}}],"collection":[{"href":"https:\/\/ideascv.com\/es\/wp-json\/wp\/v2\/pages"}],"about":[{"href":"https:\/\/ideascv.com\/es\/wp-json\/wp\/v2\/types\/page"}],"author":[{"embeddable":true,"href":"https:\/\/ideascv.com\/es\/wp-json\/wp\/v2\/users\/1"}],"replies":[{"embeddable":true,"href":"https:\/\/ideascv.com\/es\/wp-json\/wp\/v2\/comments?post=2"}],"version-history":[{"count":21,"href":"https:\/\/ideascv.com\/es\/wp-json\/wp\/v2\/pages\/2\/revisions"}],"predecessor-version":[{"id":881,"href":"https:\/\/ideascv.com\/es\/wp-json\/wp\/v2\/pages\/2\/revisions\/881"}],"wp:featuredmedia":[{"embeddable":true,"href":"https:\/\/ideascv.com\/es\/wp-json\/wp\/v2\/media\/173"}],"wp:attachment":[{"href":"https:\/\/ideascv.com\/es\/wp-json\/wp\/v2\/media?parent=2"}],"curies":[{"name":"wp","href":"https:\/\/api.w.org\/{rel}","templated":true}]}}

¿Deberías incluir tu foto en tu currículum?

<p>Como la mayoría de las preguntas en la vida, la respuesta rápida es &#8220;<strong>depende</strong>&#8220;.</p>
<p>En muchos países y empresas existen procesos de selección &#8220;ciegos de imágenes&#8221; para evitar sesgos relacionados con el color de piel, etnia, belleza, discapacidad u otras características del candidato. En el lado opuesto, hay países, compañías o sectores que piden explicitamente fotos del candidato porque están buscando precisamente estas características (¡o evitando otras!)</p>
<p>Algunos &#8220;expertos&#8221; dicen que incluir la foto hace al candidato parecer <a href="http://money.usnews.com/money/blogs/outside-voices-careers/2012/06/20/10-things-to-leave-off-your-resume" target="_blank" rel="noopener noreferrer">inocente y poco profesional</a>, mientras que otros dicen que, como <a href="https://www.forbes.com/sites/robasghar/2013/07/22/no-photo-on-your-resume-and-other-career-advice-you-should-question/" target="_blank" rel="noopener noreferrer">vivimos en la era multimedia</a>, las imágenes prevalecen sobre el texto, por lo que incluir tu foto es una gran manera de empatizar con el reclutador, hacer tu perfil más recordable y destacar sobre otros candidatos.</p>
<p>La confianza del propio candidato es otro factor para decidir si incluye la foto o no en el cv. La gente joven, guapa y bien vestida no tienen ningún problema en mirar a cámara y encontrar su mejor sonrisa. Sin embargo, los tímidos, de aspecto normal o con bajos ingresos, tienen problemas para conseguir una foto adecuada para un perfile profesional (¡las fotos de facebook o del pasaporte no valen!).</p>
<p>Ten en cuenta que no tendrás una segunda oportunidad de causar una primera buena impresión, por lo que si decides poner tu imagen en tu currículum vitae, asegúrate que es clara, enfocada, de buena calidad y bien integrada dentro de la maquetación de tu cv. Y por supuesto, que la imagen trasmite que eres la persona perfecta para el puesto que estás solicitando. Nada descarta más rápidamente una candidatura que un currículum o una foto con mal aspecto.</p>
<p>Así que llegados a este punto, decide si quieres poner o no tu mejor foto en tu cv. Si vas a ser teleoperador técnico en un call-center, tu imagen no es muy importante, pero si quieres vender coches de lujo, tu imagen es crucial.</p>
<p>En este sitio web puedes encontrar muchos modelos de curriculo. Si quieres incluirlo, simplemente sustituye la imagen de perfil con la tuya. Y si no la quieres, simplemente bórrala. ¡Tan sencillo como trabajar con Microsoft Word!</p>
<p><span class="peque">[Imagen de cámara creada a partir de material de <a href="http://www.freepik.com/free-photos-vectors/camera">Freepik</a>]</span></p>
<div id="link64_adl_tabid" style="display: none;" data-url="http://ideascv.com/wp-admin/post.php?post=2&#038;action=edit">219</div>

<p>Como la mayoría de las preguntas en la vida, la respuesta rápida es &#8220;depende&#8220;. En muchos países y empresas existen procesos de selección &#8220;ciegos de imágenes&#8221; para evitar sesgos relacionados con el color de piel, etnia, belleza, discapacidad u otras características del candidato. En el lado opuesto, hay países, compañías o sectores que piden explicitamente [&hellip;]</p>
